17 a factor of x?
False
Let c(j) = j**3 + 9*j**2 + 7*j - 8. Let m = 15 + -23. Let q be c(m). Suppose -5*r + r = -f - 204, 5*r - f - 256 = q. Does 20 divide r?
False
Suppose 0 = -v - 4*v + 90. Does 3 divide v?
True
Suppose 2*b - 20 = -m - 3*b, 0 = 3*m + 5*b - 60. Suppose -3*k = -k - m. Is k a multiple of 5?
True
Let t be 0*(-3)/12 - 0. Suppose t = 3*j - j - 114. Is j a multiple of 17?
False
Suppose -29*m = -32*m + 54. Does 14 divide m?
False
Suppose d + 36 = -4*h, -4*d + h - 117 = d. Let q = 42 + d. Is q a multiple of 18?
True
Let w(c) = -c**3 - 2*c**2 + 2*c + 1. Let d be w(-3). Suppose 0 = -5*f - 20, -d*f + 3 + 9 = z. Is z a multiple of 14?
True
Suppose -5*i = -2*c - 9, -2*i = -c - 0*i - 4. Let x = 3 - c. Is x even?
False
Let u(q) = -20*q + 8. Is 12 a factor of u(-8)?
True
Let v = 6 - 1. Suppose -v*h + 23 = -132. Does 14 divide h?
False
Suppose 114 = 2*w - 2*v - 10, 0 = 2*w - 3*v - 119. Is 19 a factor of w?
False
Let n(c) be the third derivative of 5*c**4/24 + c**3/6 - 15*c**2. Let w be 6 - (-4)/(2/(-1)). Is 11 a factor of n(w)?
False
Let l(o) = 19*o - 1. Let i be l(-2). Let h = i - -99. Is 21 a factor of h?
False
Suppose 0 = 3*y + 2*k - 545, 2*k - 4*k - 10 = 0. Let s = -109 + y. Does 19 divide s?
True
Let n be 1 - (3 + 3*-2). Does 3 divide (2 - -4)/(6/n)?
False
Let h(p) = 14*p**2 + 4*p. Does 5 divide h(1)?
False
Let h(x) be the third derivative of x**6/180 + x**5/24 - 5*x**4/24 + x**3/3 + x**2. Let z(t) be the first derivative of h(t). Is 13 a factor of z(-6)?
False
Suppose 25 = -5*o, 5*r - 60 = -0*o - 3*o. Suppose 4*l - 21 - r = 0. Suppose -2*m + l = -5. Does 7 divide m?
True
Let d be 1/(-3)*774/(-6). Let l = d - 29. Is l a multiple of 9?
False
Let b be 9/2 + 3/(-6). Suppose c + w = 14, c - 4*w - b = -c. Suppose -4*h - c = -2*f, 3*h = 5*f - 0*h - 46. Is f a multiple of 11?
True
Let i(d) = 2*d - 12*d - d**2 + 1 - 3*d + 4. Does 15 divide i(-7)?
False
Suppose 2*r = -3*r - 2*z + 228, 2*z = 3*r - 140. Let v = r + -7. Does 13 divide v?
True
Let d(w) = w**3 + 13*w**2 + 2. Let r(x) = -x**3 - 12*x**2 - 3. Let h(a) = 6*d(a) + 7*r(a). Let u be h(-7). Suppose 5*p - 7*p = -u. Is p a multiple of 10?
True
Suppose -h - 4*f + 112 = 0, 4*h - 2*h - 5*f - 198 = 0. Is 13 a factor of h?
True
Is 14 a factor of (-7)/21*87/(-1)?
False
Suppose -5*t + 196 = x, 0 = -2*x - 0*t + t + 337. Is 42 a factor of x?
False
Suppose 0*s + 3*s - 272 = 4*v, 0 = s - 2*v - 94. Is 14 a factor of s?
True
Suppose 3*y - 212 = -20. Is y a multiple of 12?
False
Let y = 150 + -43. Is 20 a factor of y?
False
Let p(t) = -t + 3. Let u be p(0). Suppose 5*b - 109 = -u*j, 5*j - j = 12. Is 5 a factor of b?
True
Let a = -32 - -61. Is 25 a factor of a?
False
Suppose 0 = -22*x + 16*x + 672. Is 17 a factor of x?
False
Suppose -k + 158 = -3*p, p - 458 = -3*k + 2*p. Is 21 a factor of k?
False
Let w = 0 - 0. Suppose -4*y + w*y + 8 = 0. Suppose 0 = y*t - 4 - 26. Is t a multiple of 15?
True
Let i(r) = 4*r + 2. Suppose g - 2*g = -4. Is i(g) a multiple of 9?
True
Let j = -38 - -21. Let c = j + 47. Is c a multiple of 13?
False
Suppose -5*z - 1 + 16 = 0. Let p(k) = 4 + k**2 - k - 3*k**2 + 4*k**2. Is 10 a factor of p(z)?
False
Let t(s) = -s + 1. Let k be t(1). Let u = k + 2. Does 2 divide u?
True
Suppose 0 = 2*p - 1 - 9. Let b = 9 - p. Is b even?
True
Is 910/28 + 6/(-4) a multiple of 9?
False
Let f = -290 + 541. Is 46 a factor of f?
False
Suppose 0 = 11*l - 8*l - 81. Does 9 divide l?
True
Let o(d) be the second derivative of 11*d**4/12 - d**3/3 - d**2/2 + d. Does 5 divide o(-1)?
False
Let d = 7 - 4. Let w be (-1 - (-6)/d) + 1. Suppose 2*m = 2, w*z - 2*m - 10 = -z. Does 3 divide z?
False
Suppose q + 3*v = -17, 4*q - 2*v = -0*q - 12. Let x be (-30)/4 - (-3)/(-6). Is 12 a factor of x/10*(q - 10)?
True
Let l(m) = -m**2 + 11*m + 13. Is 13 a factor of l(11)?
True
Is 9/12 - 69/(-4) a multiple of 4?
False
Suppose -s + 4*h = -16, -s - 5*h = -5*s + 20. Suppose -3*j + 10 + 86 = s. Does 16 divide j?
True
Let p(i) = i + 10. Let o be p(-5). Suppose 0*z + 20 = o*z. Is 4 a factor of z?
True
Suppose -3 + 1 = -f. Let o be 2 + (-6)/f + 9. Let h = o - 3. Is 5 a factor of h?
True
Suppose 2*x + 2*i + 3*i - 2 = 0, 0 = 3*x + 4*i - 10. Let f(v) = v - 9. Let b be f(11). Suppose -208 = b*y - x*y. Does 20 divide y?
False
Let m = 5 + -6. Let h be m/2 + 4/(-8). Does 5 divide -2 - (0 + (-8 - h))?
True
Suppose -4*a - 3*u + 21 = 5, 4 = a - 3*u. Suppose a*k - 3*f - 88 = 0, 5*f = k - 0*k - 39. Does 19 divide k?
True
Suppose 5*s - 4*s - 2 = 0. Suppose 2 = h - s. Suppose 0*w = h*w - 52. Is 5 a factor of w?
False
Let l = 86 + -4. Does 12 divide l?
False
Let p(r) = -r. Let k be p(-3). Let i(z) = -3*z - 4. Let m be i(k). Let t = m + 23. Does 10 divide t?
True
Is 15 a factor of 7/((-84)/(-200))*9?
True
Let l be (-2)/((-4)/10) - 1. Let k = l + -6. Let c(z) = 8*z**2. Does 11 divide c(k)?
False
Let s(a) = -a**3 + 3*a**2 - a - 1. Let j be s(1). Let h(q) = -5*q + 38. Let x(v) = -14*v + 115. Let d(b) = -11*h(b) + 4*x(b). Does 14 divide d(j)?
True
Let h(o) = -o**3 - 9*o**2 - 7*o + 11. Let y be h(-8). Suppose -y*n + 2 + 28 = 0. Is 5 a factor of n?
True
Let v = -75 + 77. Is v even?
True
Suppose 0 = -3*h + 2*n + 70, 0*h + h + 5*n = -5. Is h a multiple of 20?
True
Let r = -16 + 9. Does 14 divide 41 + r/((-7)/(-2))?
False
Let i(b) = -b**2 - 6*b. Let t be i(-5). Let o = 6 - t. Let n = o - -5. Does 6 divide n?
True
Let j(t) = -3*t**3 + 14*t**2 - 14*t + 4. Let w(x) = x**3 - 5*x**2 + 5*x - 1. Let v be 3*(-3 - (1 + -3)). Let q(f) = v*j(f) - 8*w(f). Is 5 a factor of q(3)?
False
Does 32 divide (84/90*48)/(1/5)?
True
Suppose k = -2*u, -2*u + 1 = -k - 7. Suppose -2*n = u*n + 220. Let z = 95 + n. Does 20 divide z?
True
Let d(b) = -b + 3. Let w be d(3). Suppose -3*m = -y - 16, -5*m + m + 5*y + 14 = w. Does 6 divide m?
True
Let d = 7 + -2. Let y(n) = 3*n**3 - 14*n**2 + 9*n + 8. Let m(j) = 2*j**3 - 7*j**2 + 5*j + 4. Let v(z) = d*m(z) - 3*y(z). Is 5 a factor of v(-7)?
True
Suppose -5*y = -y - 136. Suppose 5*c - 3*p - 56 = y, 4*c - 104 = -4*p. Is c a multiple of 8?
False
Is 20 a factor of (1224/17)/((-2)/(-1))?
False
Let l(h) = -h**2 + h. Let u(w) = 32*w**2 - 5*w. Let a(i) = 6*l(i) + u(i). Is 10 a factor of a(1)?
False
Suppose s - 1 = 2*s. Let v = s - -5. Suppose -x - v + 18 = 0. Is 7 a factor of x?
True
Suppose 0 = -k + 1, 3*q + 5*k - 7 = 13. Suppose q*g - 25 = -5*p, g - 5 - 2 = -2*p. Suppose p = i - 1. Is i even?
False
Suppose -5*i + 152 + 47 = 4*o, -3*i + 41 = o. Is o a multiple of 14?
True
Let j(l) = 37*l**3 - l**2 - l + 1. Does 18 divide j(1)?
True
Suppose 0*o - 30 = -3*y - 2*o, y + o = 11. Is 2 a factor of y?
True
Let g(v) = -v**3 + v**2 + 5. Let s be g(0). Suppose s*n - 18 = 3*n. Does 4 divide n?
False
Let g(c) = 6*c**3 + c. Let m(k) = k**2 - 6*k + 7. Let b be m(5). Suppose -2*y + 0*y = 3*x - 7, 4*x - b*y = 0. Is 2 a factor of g(x)?
False
Let x(y) = -y. Let g be x(-2). Suppose g*c - 25 = 3*c. Let b = 66 + c. Does 14 divide b?
False
Let j(d) = 177*d**3 - d + 1. Let r be j(1). Suppose -2*x + p = -x - 64, -r = -3*x - 2*p. Is 18 a factor of x?
False
Does 18 divide 1/(-3) - 400/(-3)?
False
Let z(h) = -6*h - 5. Let l = 5 + 1. Let n be z(l). Let r = 3 - n. Is 16 a factor of r?
False
Suppose 119*y - 1412 = 115*y. Is 18 a factor of y?
False
Suppose 0*i - 2*i = 5*g - 86, 0 = 4*i - 4*g - 116. Is i a multiple of 11?
True
Suppose -4*a - 110 = -3*t, -5*t + 54 = -4*t + 3*a. Is 6 a factor of t?
True
Let n be -10 - -10 - (-5)/1. Suppose -n*k + 530 = 75. Is 27 a factor of k?
False
Let m = -38 - -174. Suppose -m = -4*q - 24. Is q a multiple of 19?
False
Suppose 3*u + 3*w - 9 = 0, u - 4*w - 20 = -3*u. Let n be 0 + 4*2/u. Suppose 0 = -5*h + n*p + 38, 4*p + 0*p - 14 = -5*h. Is h a multiple of 3?
True
Suppose -4 = -2*k + k. Let v be (k/(-5))/((-2)/35). Let i = 20 + v. Is 12 a factor of i?
False
Let r = -49 - -61. Does 4 divide r?
True
Let s = -1 - -3. Suppose -s*w + 22 = -14. Is 18 a factor of w?
True
Let w(o) = 0 + 0 - 2*o - 2*o - 4. Is 5 a factor of w(-4)?
False
Let n(d) = -98*d + 8. Let f be n(1). Let v = -117 + 267. Let t = v + f. Is t a multiple of 27?
False
Let x be ((-6)/4)/(12/(-2032)). Does 13 divide x/7 + (-6)/21?
False
Suppose 3*d - 3*r - 9 = 3, -5*r = 0. Suppose -4*i + 136 = s, -2*s + 3*s = -d. Is i a multiple of 9?
False
Suppose 187 + 633 = 4*m. Suppose 4*g + 1 = m. Is 17 a fa